4*r - 16 = -k, 5*x + 4*r = 245. List the prime factors of x.
3, 5
What are the prime factors of (-1)/14 + 68046/84?
2, 3, 5
Let l be (-2)/8*2*52. Let s = l + 31. Suppose -s*h + 26 = -144. List the prime factors of h.
2, 17
Suppose 40*h - 138144 - 74976 = 0. What are the prime factors of h?
2, 3, 37
Let b(p) = -p**3 + 5*p**2 - 7*p + 4. Let f be b(2). Suppose -104 = -2*u + 4*y, 2*u = -f*u - y + 253. What are the prime factors of u?
2, 31
Let i(j) = j**3 + 5*j**2 + 3*j - 2. Let t be i(-2). Suppose -4*o + 7 = 3*k - 87, t*k - 8 = 0. What are the prime factors of o?
2, 11
Let w(u) = -u**3 - 8*u**2 + 8*u - 2. Let l be w(-9). Let j = -12 + l. Let z(q) = q**3 + 5*q**2 - 4*q + 6. What are the prime factors of z(j)?
2, 13
Let s be -5 - (-2 + (3 - 4)). Let v(g) = 19*g**2 - 5. What are the prime factors of v(s)?
71
Suppose 2*t = -0*v - 4*v + 68, 3*v + 3*t = 54. Suppose -5*u - g - 4*g + 45 = 0, 0 = 3*u - 3*g - 57. What are the prime factors of u - v - 56/(-1)?
2, 3
Let p(d) = -d**3 - 24*d**2 - 56*d + 41. List the prime factors of p(-23).
2, 5
Let u = 92 + -48. Suppose -4*d = -u - 20. What are the prime factors of d?
2
Let b = -64 - -67. Suppose 5*q + b*a + a - 34 = 0, 5*q - 58 = 2*a. What are the prime factors of q?
2, 5
Suppose i - 2*i + 5 = 0. Suppose -i*w + 80 = -w. List the prime factors of w.
2, 5
Let n = 206 + -170. What are the prime factors of n?
2, 3
List the prime factors of (-3950)/30*(-3 - 0).
5, 79
Let j(g) = 129*g**2 + 10*g + 25. What are the prime factors of j(-2)?
521
Suppose -10*w + 3*w + 3521 = 0. Suppose 5*b = 4*m + 107 + 392, 5*b - w = 3*m. List the prime factors of b.
103
Let r be (4 + (0 - 3))/((-4)/(-12)). Suppose 4*k + 41 = f, 0*f - 2*f + 72 = -r*k. What are the prime factors of f?
3, 11
List the prime factors of (0 + 9)/(3/126).
2, 3, 7
Let c(f) = -29*f + 33. Let h be c(-5). Let x = 318 - h. What are the prime factors of x?
2, 5, 7
Let p(o) = -o**2 - 7*o + 3. Let s be p(-7). Let c = 59 - s. List the prime factors of c.
2, 7
Let y be 1 - (-2 - -6)/(-4). Let t be (2 - 1)/(y/74). Suppose h + t = 2*p, 42 = 3*p - p - 2*h. List the prime factors of p.
2
Suppose 2*f - 10 = 2*l, 4*f + 2*l + 5 - 31 = 0. Suppose -f*w + 4*w + 174 = -o, 5*o = -20. What are the prime factors of w?
5, 17
What are the prime factors of 18/(-12)*21*3736/(-36)?
7, 467
Let i(g) = 5*g**2 - 2*g - 11. Let b = -10 - 4. Let x be (16/(-14))/(4/b). What are the prime factors of i(x)?
61
Let r = 0 + 5. Let y be (-4)/(0 + 4) - -4. Suppose -2*w - 28 = -y*v + r, -2*v = -4*w - 14. List the prime factors of v.
13
Let d = -4579 - -10237. What are the prime factors of d?
2, 3, 23, 41
Suppose 0 = 4*d + 20, -4*d = -4*y - 2*d + 14. Let g(m) = 84*m. List the prime factors of g(y).
2, 3, 7
Let k = 1325 - 759. List the prime factors of k.
2, 283
Suppose -5*a = 15, 5*l - 17722 = a - 2699. What are the prime factors of l?
2, 751
Let n = -29 + 74. Let d = n + -21. List the prime factors of d.
2, 3
Let b(c) = c**2 + 16*c + 27. Let g be b(-15). Suppose -g*y = 2*j - 7*y - 61, -y = 4*j - 77. List the prime factors of j.
2, 3
Let p(n) = n**3 - n**2 - n - 5. Let x be p(0). What are the prime factors of 262/12 - x/30?
2, 11
Suppose -s - 6 + 8 = 0. Suppose -r + 3*a = s, -2*r + 7*r - 2*a = 55. List the prime factors of r.
13
Suppose -22*q + 18*q = -11944. What are the prime factors of q?
2, 1493
Let u = 18 - -5. Suppose -u - 6 = -w. List the prime factors of w.
29
Let r(v) = -v - 4. Let t be r(6). Let d(z) = -2*z + 15. List the prime factors of d(t).
5, 7
Let t = 2 + 3. Suppose -440 = -t*z - 5*n, -5*z + 425 = -0*n + 2*n. What are the prime factors of z?
83
Suppose -4*j = -j - 3*i - 10140, 5*i + 15 = 0. What are the prime factors of j?
11, 307
Let l(h) = -h**2 + 6*h + 17. What are the prime factors of l(5)?
2, 11
Suppose 0 = -5*c - v + 33, 2*v = -4*c + c + 24. Let n = 45 - c. Let x = n + -3. List the prime factors of x.
2, 3
Suppose -4 - 6 = -5*q. Let n(x) = -4 - 16*x - 7*x**2 + 6*x**2 + 2*x**3 + 17*x + 3. List the prime factors of n(q).
13
Suppose 0 = 11*o - 12*o. Suppose 2*l = -l. Suppose l = 3*w - 2*w + 5*k - 38, o = w - k - 14. What are the prime factors of w?
2, 3
Suppose -4*c + 16 = -2*u, 9 = -3*u - 0*c + 3*c. Suppose 4*x + u*a - 320 = 0, 0*a = -5*x - a + 403. What are the prime factors of x?
3
Suppose -3 = j - 4. Suppose 13 = k + j. What are the prime factors of k/(-10)*(-3 - 12)?
2, 3
Let i = 517 + -405. What are the prime factors of i?
2, 7
Suppose -f - 6 = -i + 3*f, 56 = 2*i + 3*f. Let g = i + -3. List the prime factors of g.
19
Let n = -9 + 13. Suppose n*v = -213 + 29. Let r = v + 84. List the prime factors of r.
2, 19
Suppose 0 = 4*q - 5*q - 4. Let u be q*(-3)/(-3)*-5. Suppose -13 = -j + 2*h, -3*h + u = -7*h. What are the prime factors of j?
3
Let d be (-3)/((0 + -1)/1). Suppose 4*s - d*s = 53. What are the prime factors of s?
53
Let g(j) = 18*j - 6. Let y(l) = 6*l + l**2 + 3 - l + l + 0*l**2. Let s be y(-6). List the prime factors of g(s).
2, 3
Let s be (1 - -2)/(-1)*213. Let f be s/(-4) - 4/(-16). Suppose 4*z + 5*g = 188, z - 5*z + 2*g + f = 0. List the prime factors of z.
2, 3, 7
Let x(t) = t**3 + 20*t**2 - 27*t - 7. What are the prime factors of x(-21)?
7, 17
Suppose 0 = -10*k + 1226 + 1404. What are the prime factors of k?
263
What are the prime factors of 213*3 - (39 + -33)?
3, 211
Let u = 71 - 68. Suppose 2*a + u*a = -2*o + 909, -5*a + 921 = -2*o. What are the prime factors of a?
3, 61
Let g = -1142 + 2460. What are the prime factors of g?
2, 659
Let p(y) = 13*y**3 + 35*y**2 - 58*y + 81. Let n(b) = 7*b**3 + 18*b**2 - 29*b + 41. Let m(x) = 11*n(x) - 6*p(x). List the prime factors of m(-15).
5, 41
Suppose 24 = 5*j - 2*j. Let k = j - 14. Let d = k + 15. What are the prime factors of d?
3
Suppose j - 2*s = -4*j + 172, -3*j = -4*s - 92. Suppose -3*f + 9 = 4*w - 0, 0 = -5*f - 4*w + 15. What are the prime factors of f/(-18)*-3*j?
2, 3
Let n = 5 + -7. Let h(y) = -5*y**2 + 2*y + 3. Let b be h(n). Let m = b + 33. What are the prime factors of m?
2, 3
Let i(f) = 5*f**3 - f**2 + 7*f - 41. What are the prime factors of i(5)?
2, 3, 11
Suppose 4 + 4 = 4*b + i, -2*i = 5*b - 7. Suppose b*f + 2*x - 252 = -x, 5*x = 5*f - 440. List the prime factors of f.
2, 43
Let h = -3 + -2. Let t(k) = -k**3 - 5*k**2 - 4*k - 5. List the prime factors of t(h).
3, 5
Suppose -v + 7 - 2 = 0. Suppose -2*j = -t + 6*t + 28, 0 = -v*t - 20. What are the prime factors of j/2*(-114)/12?
19
Suppose -2*m + 3*j + 428 = -6134, 0 = 4*m + 3*j - 13142. List the prime factors of m.
2, 821
Let m = 2 + 119. Let k = m + -16. What are the prime factors of k?
3, 5, 7
Suppose 2*x - 5*b - 65 = 0, -5 = -3*x - 4*b + 58. Let w = 49 - x. What are the prime factors of w?
2, 3
Suppose 3 = -2*b - 7, 3*m = -2*b + 14. Let k be m*-3*172/(-48). Suppose 0 = 2*s + 5*d - 15, -3*d - k = -4*s - 17. What are the prime factors of s?
3, 5
Suppose -10 = -2*l - 0*l. Suppose -5*f + 3*f - k + 100 = 0, -l*f + 255 = 5*k. What are the prime factors of f?
7
Let x(c) = c**3 - 2*c**2 + c + 3. Suppose 3*r - 6 = -4*a, -4*r + 13 = 2*a - 5. Suppose -r*v + 15 = -v. What are the prime factors of x(v)?
3, 5
Let m(g) = -27*g - 2. Suppose -29 = 5*z - 9. Let u be m(z). Suppose 3*p + 34 = u. What are the prime factors of p?
2, 3
Let d be 16/(-56) + (-46)/(-14). Suppose d*k - p = -2 + 42, 5*k + 3*p = 48. Suppose k = 4*n - 3*n. What are the prime factors of n?
2, 3
Let v be 8/(-4) - (-1 + 31). Let u = 75 - v. What are the prime factors of u?
107
Suppose 7*o = 3*o - 36. Let p(d) = -d**3 - 9*d**2 - 3*d + 2. Let r be p(4). What are the prime factors of (-6)/27 + r/o?
2, 3
Let r(v) = 19*v**2 + 7*v - 3. Let d(b) = 7*b - 39. Let c be d(6). List the prime factors of r(c).
3, 7
What are the prime factors of (448/(-384))/(1/(-726))?
7, 11
Suppose 0*s + 3*s = 4*u + 56, -2*u = -3*s + 46. Suppose 2*m + 7 = 3*a, -3*a - m = 2*m - s. Suppose -93 = -a*z + 27. List the prime factors of z.
2, 5
Let u = 2 + 5. Suppose 0 = x + 3, -3*o + u + 14 = -4*x. Suppose -o*i - 56 = -4*i. What are the prime factors of i?
2, 7
Suppose -722 = -10*b + 6048. List the prime factors of b.
677
Let c(l) = -853*l - 22. List the prime factors of c(-2).
2, 421
Let j be (7/21)/(1/3). Let l be 7/4 - j/(-4). Suppose -l*d - 2 = 0, 2*v - 20 = d + d. List the prime factors of v.
3
Suppose -3*i - 5*r = -21, 2*i - 19 + 6 = -3*r